{"id":1351,"date":"2020-09-16T05:16:09","date_gmt":"2020-09-16T05:16:09","guid":{"rendered":"https:\/\/semig.hr\/home\/"},"modified":"2023-04-27T15:09:28","modified_gmt":"2023-04-27T14:09:28","slug":"home","status":"publish","type":"page","link":"https:\/\/semig.hr\/hr\/","title":{"rendered":"Home"},"content":{"rendered":"<p class=\"has-text-align-center has-text-color has-medium-font-size\" style=\"color:#030303b3\"><strong>NOVI I RABLJENI ALATNI STROJEVI I STROJEVI ZA OBRADU LIMA<br>ALATNI STROJEVI ZA OBRADU ODVAJANJEM \u010cESTICA, STROJEVI ZA DEFORMIRANJE METALA<\/strong><\/p>\n\n\n<div class=\"wp-block-image\">\n<figure class=\"aligncenter size-full\"><img loading=\"lazy\" decoding=\"async\" width=\"800\" height=\"300\" src=\"https:\/\/semig.hr\/sem-media\/30god-hr-800px.jpg\" alt=\"\" class=\"wp-image-1444\" srcset=\"https:\/\/semig.hr\/sem-media\/30god-hr-800px.jpg 800w, https:\/\/semig.hr\/sem-media\/30god-hr-800px-300x113.jpg 300w, https:\/\/semig.hr\/sem-media\/30god-hr-800px-768x288.jpg 768w\" sizes=\"auto, (max-width: 800px) 100vw, 800px\" \/><\/figure>\n<\/div>\n\n\n<p class=\"has-text-align-center has-text-color has-medium-font-size\" style=\"color:#030303b3\"><strong>S ponosom se mo\u017eemo pohvaliti da smo 2021. godine proslavili 30 godina postojanja tvrtke!<\/strong><\/p>\n\n\n<div class=\"wp-block-image\">\n<figure class=\"aligncenter size-full\"><img loading=\"lazy\" decoding=\"async\" width=\"800\" height=\"400\" src=\"https:\/\/semig.hr\/sem-media\/1naslovna800x400.jpg\" alt=\"\" class=\"wp-image-1415\" srcset=\"https:\/\/semig.hr\/sem-media\/1naslovna800x400.jpg 800w, https:\/\/semig.hr\/sem-media\/1naslovna800x400-300x150.jpg 300w, https:\/\/semig.hr\/sem-media\/1naslovna800x400-768x384.jpg 768w\" sizes=\"auto, (max-width: 800px) 100vw, 800px\" \/><\/figure>\n<\/div>\n\n<div class=\"wp-block-image\">\n<figure class=\"aligncenter size-full\"><img loading=\"lazy\" decoding=\"async\" width=\"800\" height=\"400\" src=\"https:\/\/semig.hr\/sem-media\/2naslovna800x400.jpg\" alt=\"naslovna-strojevi2\" class=\"wp-image-1414\" srcset=\"https:\/\/semig.hr\/sem-media\/2naslovna800x400.jpg 800w, https:\/\/semig.hr\/sem-media\/2naslovna800x400-300x150.jpg 300w, https:\/\/semig.hr\/sem-media\/2naslovna800x400-768x384.jpg 768w\" sizes=\"auto, (max-width: 800px) 100vw, 800px\" \/><\/figure>\n<\/div>\n\n\n<p class=\"has-text-align-center has-text-color has-medium-font-size\" style=\"color:#030303b3\"><strong>Na podru\u010dju Hrvatske zastupamo sljede\u0107e proizvo\u0111a\u010de strojeva, marke strojeva:&nbsp;<\/strong><\/p>\n\n\n<div class=\"wp-block-image\">\n<figure class=\"aligncenter size-full\"><img loading=\"lazy\" decoding=\"async\" width=\"800\" height=\"400\" src=\"https:\/\/semig.hr\/sem-media\/0logosi800x400.jpg\" alt=\"\" class=\"wp-image-1416\" srcset=\"https:\/\/semig.hr\/sem-media\/0logosi800x400.jpg 800w, https:\/\/semig.hr\/sem-media\/0logosi800x400-300x150.jpg 300w, https:\/\/semig.hr\/sem-media\/0logosi800x400-768x384.jpg 768w\" sizes=\"auto, (max-width: 800px) 100vw, 800px\" \/><\/figure>\n<\/div>\n\n\n<p class=\"has-white-color has-text-color\">S.E.M.I.G. d.o.o. Zagreb, semig doo. Novi i rabljeni alatni strojevi i strojevi za obradu lima. Strojevi za odvajanje \u010destica i deformiranje lima. CNC i konvencionalni strojevi. Strojevi za obradu metala, strojevi za obradu plastike. Linije strojeva. Kupnja, otkup i prodaja strojeva.<\/p>","protected":false},"excerpt":{"rendered":"<p>S.E.M.I.G. homepage,<br \/>\n New and used machine tools, sheet metal machines<\/p>","protected":false},"author":1,"featured_media":0,"parent":0,"menu_order":0,"comment_status":"closed","ping_status":"closed","template":"","meta":{"iawp_total_views":3476,"footnotes":""},"class_list":["post-1351","page","type-page","status-publish","hentry","entry"],"_links":{"self":[{"href":"https:\/\/semig.hr\/hr\/wp-json\/wp\/v2\/pages\/1351","targetHints":{"allow":["GET"]}}],"collection":[{"href":"https:\/\/semig.hr\/hr\/wp-json\/wp\/v2\/pages"}],"about":[{"href":"https:\/\/semig.hr\/hr\/wp-json\/wp\/v2\/types\/page"}],"author":[{"embeddable":true,"href":"https:\/\/semig.hr\/hr\/wp-json\/wp\/v2\/users\/1"}],"replies":[{"embeddable":true,"href":"https:\/\/semig.hr\/hr\/wp-json\/wp\/v2\/comments?post=1351"}],"version-history":[{"count":0,"href":"https:\/\/semig.hr\/hr\/wp-json\/wp\/v2\/pages\/1351\/revisions"}],"wp:attachment":[{"href":"https:\/\/semig.hr\/hr\/wp-json\/wp\/v2\/media?parent=1351"}],"curies":[{"name":"wp","href":"https:\/\/api.w.org\/{rel}","templated":true}]}}

<p class="has-text-align-center has-text-color has-medium-font-size" style="color:#030303b3"><strong>NOVI I RABLJENI ALATNI STROJEVI I STROJEVI ZA OBRADU LIMA<br>ALATNI STROJEVI ZA OBRADU ODVAJANJEM ČESTICA, STROJEVI ZA DEFORMIRANJE METALA</strong></p>


<div class="wp-block-image">
<figure class="aligncenter size-full"><img loading="lazy" decoding="async" width="800" height="300" src="https://semig.hr/sem-media/30god-hr-800px.jpg" alt="" class="wp-image-1444" srcset="https://semig.hr/sem-media/30god-hr-800px.jpg 800w, https://semig.hr/sem-media/30god-hr-800px-300x113.jpg 300w, https://semig.hr/sem-media/30god-hr-800px-768x288.jpg 768w" sizes="auto, (max-width: 800px) 100vw, 800px" /></figure>
</div>


<p class="has-text-align-center has-text-color has-medium-font-size" style="color:#030303b3"><strong>S ponosom se možemo pohvaliti da smo 2021. godine proslavili 30 godina postojanja tvrtke!</strong></p>


<div class="wp-block-image">
<figure class="aligncenter size-full"><img loading="lazy" decoding="async" width="800" height="400" src="https://semig.hr/sem-media/1naslovna800x400.jpg" alt="" class="wp-image-1415" srcset="https://semig.hr/sem-media/1naslovna800x400.jpg 800w, https://semig.hr/sem-media/1naslovna800x400-300x150.jpg 300w, https://semig.hr/sem-media/1naslovna800x400-768x384.jpg 768w" sizes="auto, (max-width: 800px) 100vw, 800px" /></figure>
</div>

<div class="wp-block-image">
<figure class="aligncenter size-full"><img loading="lazy" decoding="async" width="800" height="400" src="https://semig.hr/sem-media/2naslovna800x400.jpg" alt="naslovna-strojevi2" class="wp-image-1414" srcset="https://semig.hr/sem-media/2naslovna800x400.jpg 800w, https://semig.hr/sem-media/2naslovna800x400-300x150.jpg 300w, https://semig.hr/sem-media/2naslovna800x400-768x384.jpg 768w" sizes="auto, (max-width: 800px) 100vw, 800px" /></figure>
</div>


<p class="has-text-align-center has-text-color has-medium-font-size" style="color:#030303b3"><strong>Na području Hrvatske zastupamo sljedeće proizvođače strojeva, marke strojeva:&nbsp;</strong></p>


<div class="wp-block-image">
<figure class="aligncenter size-full"><img loading="lazy" decoding="async" width="800" height="400" src="https://semig.hr/sem-media/0logosi800x400.jpg" alt="" class="wp-image-1416" srcset="https://semig.hr/sem-media/0logosi800x400.jpg 800w, https://semig.hr/sem-media/0logosi800x400-300x150.jpg 300w, https://semig.hr/sem-media/0logosi800x400-768x384.jpg 768w" sizes="auto, (max-width: 800px) 100vw, 800px" /></figure>
</div>


<p class="has-white-color has-text-color">S.E.M.I.G. d.o.o. Zagreb, semig doo. Novi i rabljeni alatni strojevi i strojevi za obradu lima. Strojevi za odvajanje čestica i deformiranje lima. CNC i konvencionalni strojevi. Strojevi za obradu metala, strojevi za obradu plastike. Linije strojeva. Kupnja, otkup i prodaja strojeva.</p>
